 base 9?
4
What is -3 (base 8) in base 7?
-3
Convert 120 (base 3) to base 4.
33
-2 (base 7) to base 13
-2
Convert -1 (base 12) to base 7.
-1
What is 117 (base 10) in base 8?
165
Convert 11 (base 2) to base 9.
3
What is -2022 (base 3) in base 16?
-3e
What is 13 (base 15) in base 7?
24
Convert 55 (base 13) to base 16.
46
0 (base 16) to base 7
0
1010 (base 2) to base 15
a
What is -2d (base 14) in base 5?
-131
Convert 31 (base 6) to base 7.
25
What is -57 (base 10) in base 7?
-111
What is 347 (base 8) in base 3?
22120
-311 (base 5) to base 3
-10000
What is 20 (base 4) in base 12?
8
What is 210 (base 4) in base 14?
28
What is 61 (base 14) in base 7?
151
Convert -10 (base 4) to base 9.
-4
-11 (base 7) to base 16
-8
What is -6 (base 8) in base 6?
-10
What is -15 (base 16) in base 8?
-25
1 (base 12) to base 15
1
What is -9 (base 11) in base 3?
-100
Convert -2110 (base 3) to base 5.
-231
cb (base 13) to base 11
142
9 (base 15) to base 3
100
What is 68 (base 12) in base 7?
143
Convert 10110 (base 2) to base 11.
20
What is 38 (base 9) in base 8?
43
Convert 2 (base 15) to base 6.
2
What is -10100111 (base 2) in base 10?
-167
What is -20 (base 8) in base 2?
-10000
223 (base 11) to base 4
10023
Convert 19 (base 12) to base 10.
21
Convert 15 (base 13) to base 5.
33
-1220 (base 3) to base 8
-63
What is 18 (base 11) in base 2?
10011
What is -27 (base 11) in base 8?
-35
What is 6 (base 8) in base 15?
6
68 (base 11) to base 2
1001010
What is 10 (base 13) in base 12?
11
What is -302 (base 4) in base 12?
-42
What is 1 (base 11) in base 6?
1
-110 (base 3) to base 14
-c
-3 (base 14) to base 2
-11
What is -30 (base 6) in base 5?
-33
Convert 4 (base 5) to base 7.
4
What is 1023 (base 4) in base 7?
135
Convert -4 (base 11) to base 5.
-4
Convert -c (base 16) to base 2.
-1100
19 (base 16) to base 6
41
-10 (base 3) to base 10
-3
-12 (base 16) to base 4
-102
25 (base 14) to base 2
100001
-12 (base 15) to base 10
-17
What is -2 (base 10) in base 9?
-2
Convert 25 (base 7) to base 16.
13
What is -104 (base 6) in base 11?
-37
1 (base 13) to base 16
1
Convert 101 (base 2) to base 12.
5
-3 (base 7) to base 9
-3
Convert -215 (base 8) to base 4.
-2031
Convert -114 (base 5) to base 12.
-2a
Convert 0 (base 11) to base 5.
0
-12 (base 4) to base 9
-6
-4 (base 10) to base 16
-4
Convert -21 (base 5) to base 13.
-b
Convert -55 (base 9) to base 5.
-200
Convert -100 (base 11) to base 5.
-441
-4 (base 14) to base 5
-4
What is -152 (base 7) in base 2?
-1010110
Convert -3 (base 16) to base 3.
-10
42 (base 8) to base 13
28
What is 0 (base 15) in base 2?
0
Convert -7 (base 11) to base 16.
-7
What is 44 (base 9) in base 14?
2c
What is 2 (base 13) in base 12?
2
Convert -a (base 15) to base 4.
-22
-31 (base 13) to base 14
-2c
205 (base 6) to base 14
57
What is -3 (base 7) in base 13?
-3
-11 (base 2) to base 12
-3
Convert 1000000 (base 2) to base 6.
144
Convert -5 (base 15) to base 7.
-5
Convert -13 (base 14) to base 3.
-122
Convert -10 (base 3) to base 14.
-3
2 (base 5) to base 13
2
-13 (base 15) to base 10
-18
1 (base 5) to base 12
1
253 (base 7) to base 12
b4
Convert 75 (base 15) to base 4.
1232
What is -1 (base 11) in base 4?
-1
What is 443 (base 5) in base 12?
a3
What is 11 (base 3) in base 6?
4
Convert 3 (base 10) to base 11.
3
-3 (base 6) to base 7
-3
Convert 4 (base 16) to base 2.
100
Convert -41 (base 5) to base 12.
-19
120 (base 3) to base 2
1111
What is -70 (base 11) in base 12?
-65
-1 (base 3) to base 11
-1
Convert 102 (base 3) to base 15.
b
What is -11110 (base 2) in base 13?
-24
344 (base 8) to base 7
444
-136 (base 12) to base 7
-354
65 (base 15) to base 16
5f
-5 (base 7) to base 10
-5
Convert -1 (base 8) to base 12.
-1
-1001 (base 4) to base 16
-41
Convert 13b (base 13) to base 2.
11011011
-6 (base 12) to base 13
-6
What is -221 (base 5) in base 10?
-61
Convert -55 (base 9) to base 5.
-200
-1 (base 15) to base 12
-1
Convert -2 (base 5) to base 7.
-2
Convert 0 (base 8) to base 14.
0
-12 (base 10) to base 8
-14
7 (base 16) to base 12
7
Convert -14 (base 10) to base 3.
-112
Convert -30 (base 16) to base 12.
-40
What is 6 (base 8) in base 10?
6
-4 (base 11) to base 6
-4
What is -183 (base 13) in base 5?
-2101
-21 (base 6) to base 10
-13
-13 (base 11) to base 9
-15
64 (base 16) to base 3
10201
-132 (base 8) to base 12
-76
What is 8 (base 10) in base 9?
8
Convert 13 (base 12) to base 11.
14
5 (base 10) to base 6
5
What is 1 (base 12) in base 13?
1
What is 0 (base 14) in base 13?
0
What is -52 (base 7) in base 5?
-122
What is 1 (base 12) in base 6?
1
What is 10000 (base 2) in base 7?
22
Convert -2 (base 15) to base 12.
-2
d (base 16) to base 3
111
What is 20 (base 8) in base 13?
13
50 (base 7) to base 10
35
What is 30 (base 7) in base 5?
41
What is 120 (base 4) in base 5?
44
What is -10 (base 9) in base 16?
-9
What is -1001 (base 4) in base 13?
-50
-37 (base 14) to base 4
-301
Convert -5 (base 12) to base 10.
-5
200 (base 8) to base 5
1003
122 (base 9) to base 4
1211
5 (base 16) to base 9
5
2 (base 7) to base 6
2
Convert -2 (base 14) to base 4.
-2
What is 32 (base 6) in base 3?
202
Convert -14 (base 15) to base 2.
-10011
-7 (base 14) to base 2
-111
2b (base 12) to base 15
25
What is 50 (base 6) in base 11?
28
-6 (base 14) to base 15
-6
What is -1 (base 5) in base 10?
-1
Convert -110001 (base 2) to base 6.
-121
What is 11 (base 15) in base 16?
10
What is 173 (base 9) in base 12?
103
Convert 187 (base 10) to base 2.
10111011
-4 (base 11) to base 2
-100
What is 30 (base 10) in base 11?
28
What is 10110 (base 2) in base 7?
31
Convert 102 (base 4) to base 3.
200
Convert 78 (base 11) to base 12.
71
-25 (base 7) to base 8
-23
14 (base 15) to base 6
31
Convert 2 (base 8) to base 14.
2
81 (base 13) to base 7
210
What is -7b (base 14) in base 8?
-155
What is -4a (base 12) in base 3?
-2011
What is 4 (base 15) in base 12?
4
Convert 6 (base 11) to base 10.
6
What is -2 (base 5) in base 8?
-2
20 (base 10) to base 7
26
223 (base 7) to base 10
115
19 (base 14) to base 11
21
What is -130 (base 4) in base 2?
-11100
What is -105 (base 6) in base 3?
-1112
-19 (base 12) to base 2
-10101
What is -63 (base 7) in base 2?
-101101
What is 2 (base 13) in base 15?
2
1043 (base 6) to base 12
183
Convert -10 (base 7) to base 9.
-7
What is 54 (base 15) in base 8?
117
0 (base 14) to base 15
0
Convert 10 (base 3) to base 2.
11
Convert -51 (base 9) to base 16.
-2e
What is 3 (base 16) in base 6?
3
What is -1011011 (base 2) in base 8?
-133
What is 43 (base 14) in base 9?
65
-51 (base 16) to base 12
-69
What is -40 (base 13) in base 15?
-37
What is 0 (base 4) in base 10?
0
What is 2 (base 13) in base 7?
2
Convert 14 (base 12) to base 7.
22
-5 (base 8) to base 16
-5
Convert -11 (base 5) to base 6.
-10
Convert -4 (base 9) to base 11.
-4
-6 (base 9) to base 13
-6
What is 12 (base 3) in base 13?
5
2 (base 3) to base 4
2
97 (base 13) to base 6
324
Convert -2 (base 3) to base 13.
-2
What is -100 (base 4) in base 12?
-14
3 (base 5) to base 7
3
What is -48 (base 13) in base 11?
-55
Convert -110011 (base 2) to base 16.
-33
-16 (base 12) to base 4
-102
Convert -1100 (base 2) to base 6.
-20
What is -13 (base 16) in base 2?
-10011
Convert -2 (base 7) to base 11.
-2
Convert 2112 (base 4) to base 15.
a0
Convert -111 (base 4) to base 5.
-41
24 (base 15) to base 7
46
What is 4 (base 5) in base 12?
4
38 (base 9) to base 6
55
Convert 40 (base 7) to base 16.
1c
Convert 211 (base 6) to base 5.
304
2 (base 13) to base 11
2
Convert 2010 (base 5) to base 12.
193
120 (base 4) to base 10
24
203 (base 4) to base 8
43
-11 (base 15) to base 11
-15
62 (base 9) to base 7
110
1001 (base 5) to base 8
176
-1011 (base 2) to base 4
-23
What is 364 (base 8) in base 4?
3310
What is -32 (base 15) in base 16?
-2f
What is -1 (base 9) in base 7?
-1
4 (base 11) to base 13
4
What is -15 (base 6) in base 14?
-b
Convert -110 (base 9) to base 6.
-230
What is -26 (base 9) in base 10?
-24
Convert -435 (base 8) to base 5.
-2120
What is -2 (base 5) in base 2?
-10
14 (base 14) to base 4
102
-24 (base 11) to base 14
-1c
11 (base 3) to base 16
4
Convert -3 (base 9) to base 3.
-10
What is 116 (base 15) in base 5?
1441
Convert -3 (base 11) to base 2.
-11
Convert 21 (base 4) to base 13.
9
Convert 1 (base 11) to base 4.
1
What is -12 (base 8) in base 9?
-11
Convert -1 (base 10